3 composite?
False
Is 3427706059 a composite number?
True
Is 8788294813 composite?
False
Is 7492292759 a composite number?
True
Is 18350483153 a prime number?
True
Is 52017499 composite?
True
Is 238338019 prime?
True
Is 141555136609 a composite number?
False
Is 49588513993 prime?
True
Is 325717043 composite?
True
Is 1158725837 prime?
True
Is 1567308877 a composite number?
True
Is 72874929653 a prime number?
False
Is 197938673 composite?
False
Is 15617685437 prime?
False
Is 161987717 a composite number?
False
Is 4909973119 a composite number?
True
Is 211631543 a prime number?
True
Is 1124941947 a prime number?
False
Is 5105220703 prime?
False
Is 96998947 a prime number?
True
Is 329621923 a composite number?
False
Is 199838957 composite?
True
Is 4186564133 a prime number?
False
Is 2414729761 prime?
False
Is 2835640037 a composite number?
False
Is 248595007 prime?
False
Is 23799172183 prime?
False
Is 395826581 composite?
False
Is 42534131 a prime number?
True
Is 90190762 prime?
False
Is 1994724691 prime?
False
Is 13457203541 composite?
True
Is 44290903661 composite?
False
Is 2437976267 prime?
False
Is 3917814809 a composite number?
False
Is 10542688201 prime?
False
Is 16332098039 prime?
False
Is 660314741 prime?
False
Is 9968641 prime?
True
Is 759991053 prime?
False
Is 297485333 a composite number?
True
Is 21219859351 composite?
True
Is 138366581 prime?
True
Is 528497323 a composite number?
False
Is 1662294583 a prime number?
False
Is 4085077687 a composite number?
True
Is 20612390021 a composite number?
False
Is 79539155149 composite?
False
Is 1183471559 prime?
False
Is 90308778893 a prime number?
True
Is 9265095043 composite?
False
Is 15087381173 a prime number?
True
Is 2720758879 a composite number?
True
Is 1257997519 a prime number?
True
Is 30312742697 a prime number?
False
Is 14696767747 prime?
True
Is 8806509407 a composite number?
False
Is 2064281939 a composite number?
False
Is 1107503167 a prime number?
False
Is 3433612649 composite?
False
Is 1729001587 a composite number?
True
Is 119169467 composite?
False
Is 13133258597 prime?
True
Is 72522304507 a prime number?
True
Is 2651316491 prime?
False
Is 137542469 prime?
False
Is 23037302129 composite?
True
Is 10972022273 prime?
True
Is 1088164843 composite?
False
Is 342939546977 a composite number?
False
Is 9745594933 prime?
True
Is 1284273971 a composite number?
False
Is 2861279699 prime?
True
Is 7965018605 a composite number?
True
Is 1311526361 prime?
True
Is 65280858359 a prime number?
True
Is 3313449367 composite?
False
Is 687672749 prime?
True
Is 51626467649 prime?
False
Is 2776905959 prime?
True
Is 996788687 prime?
False
Is 15190095907 a prime number?
False
Is 16339058053 a composite number?
False
Is 22526893 a prime number?
False
Is 62125869569 prime?
True
Is 753898367 composite?
True
Is 768929507 a prime number?
True
Is 3094519261 a composite number?
True
Is 34286005895 prime?
False
Is 2698802233 a composite number?
False
Is 6798237619 a prime number?
False
Is 741849059 composite?
True
Is 18408265471 composite?
True
Is 46908890599 composite?
True
Is 11435447497 composite?
False
Is 77056756163 composite?
False
Is 619510867 a prime number?
False
Is 329170157 a composite number?
True
Is 7924239353 prime?
False
Is 14659441691 composite?
True
Is 43982873185 a prime number?
False
Is 2748036643 a composite number?
True
Is 48249961167 a composite number?
True
Is 486111419 a prime number?
True
Is 1545305434 prime?
False
Is 12153327773 composite?
False
Is 2492704199 a prime number?
True
Is 315389549 a prime number?
True
Is 8263575377 composite?
False
Is 8669418419 a prime number?
False
Is 54159037 a composite number?
True
Is 837214619 prime?
False
Is 5721529531 a prime number?
True
Is 12491613653 composite?
True
Is 73450250659 a composite number?
False
Is 2276616413 composite?
False
Is 106167571 a composite number?
False
Is 5060157283 composite?
True
Is 312929587 a composite number?
False
Is 10290849337 composite?
False
Is 44702693617 composite?
True
Is 4534294699 prime?
False
Is 23705096677 composite?
True
Is 2012728973 prime?
True
Is 44184969823 prime?
False
Is 398471707 a composite number?
True
Is 181803907 composite?
True
Is 13512739151 composite?
True
Is 192352469611 composite?
False
Is 951530407 a prime number?
True
Is 63455033717 a composite number?
True
Is 885629963 prime?
True
Is 2534902969 composite?
False
Is 24463878053 composite?
True
Is 8575113873 a composite number?
True
Is 148431713 a prime number?
False
Is 15876553207 composite?
False
Is 1092947057 a prime number?
True
Is 149725705387 prime?
True
Is 572833403 a composite number?
True
Is 10315493311 prime?
False
Is 447252049 prime?
True
Is 3348919757 composite?
False
Is 72063506369 a prime number?
True
Is 198370397 prime?
True
Is 2578136447 a prime number?
False
Is 31295141093 a composite number?
True
Is 3030453401 composite?
False
Is 1974882691 a composite number?
True
Is 26555427887 prime?
False
Is 488706161 composite?
True
Is 824873519 a composite number?
True
Is 1025368159 a prime number?
False
Is 793669831 a composite number?
True
Is 2742023509 prime?
True
Is 83987057123 a prime number?
True
Is 9847457 a composite number?
True
Is 748014889 prime?
False
Is 620804983 a prime number?
False
Is 8743868597 prime?
False
Is 1220717711 composite?
False
Is 136057931 composite?
True
Is 795047735 a prime number?
False
Is 16687893181 a composite number?
False
Is 30303534043 a composite number?
False
Is 1890797983 a prime number?
True
Is 9462857993 prime?
True
Is 1786570813 composite?
True
Is 44598597497 composite?
False
Is 580319029 a composite number?
True
Is 23610657113 composite?
True
Is 29968516349 prime?
True
Is 10403174813 prime?
True
Is 7087171363 composite?
False
Is 12225676471 a prime number?
False
Is 4371806573 a composite number?
False
Is 3022359803 a prime number?
True
Is 1820279719 composite?
True
Is 87310781 prime?
True
Is 7584204091 a composite number?
True
Is 3400409203 composite?
False
Is 1486351081 a composite number?
False
Is 9203390839 a prime number?
False
Is 1114629605 a prime number?
False
Is 45819373 a prime number?
True
Is 16500165142 a prime number?
False
Is 467308147 a composite number?
True
Is 502046491 a prime number?
False
Is 255750569 a composite number?
False
Is 1597091842 a prime number?
False
Is 108746363753 composite?
True
Is 1140428087 composite?
True
Is 14164317007 a composite number?
False
Is 15148208399 a prime number?
False
Is 8795565761 prime?
True
Is 1906951271 composite?
False
Is 27226579 prime?
True
Is 2610073357 prime?
False
Is 35370641 a prime number?
False
Is 24709916317 prime?
True
Is 15730355441 a prime number?
False
Is 34537703 composite?
True
Is 5621945389 composite?
True
Is 46423962643 prime?
False
Is 60490164959 composite?
True
Is 2778419471 a prime number?
True
Is 365091179 prime?
False
Is 267436891 composite?
True
Is 58899990673 prime?
True
Is 4534422491 a prime number?
True
Is 326376242081 composite?
False
Is 2053816969 a composite number?
False
Is 78200213099 a composite number?
False
Is 27972982211 prime?
True
Is 32743531 a prime number?
True
Is 6635291867 a composite number?
True
Is 20852432839 composite?
True
Is 2089584149 prime?
True
Is 1222353007 composite?
True
Is 29267198839 a prime number?
True
Is 27204037249 composite?
False
Is 22572396559 prime?
True
Is 57463697 a prime number?
True
Is 114160515101 prime?
False
Is 1574974481 a composite number?
False
Is 1102716793 a composite number?
True
Is 40549504591 a prime number?
False
Is 1020982357 prime?
True
Is 25222133441 a composite number?
True
Is 1342029098 composite?
True
Is 8875558259 a composite number?
False
Is 1432689619 a composite number?
True
Is 833775779 composite?
True
Is 576579697 composite?
False
Is 9665032139 a prime number?
False
Is 29886217 a composite number?
False
Is 1477810267 a composite number?
False
Is 69794469949 a prime number?
True
Is 1960339145 prime?
False
Is 21315893903 prime?
False
Is 19011128561 a composite number?
True
Is 41269523593 a prime number?
True
Is 1924638913 a composite number?
False
Is 201560423 a composite number?
True
Is 2423040771 a composite number?
True
Is 12330589363 a prime number?
False
Is 34255682353 a composite number?
True
Is 2924297443 composite?
False
Is 275923057 pri